t n be ((-2)/(-5))/((-2)/(-10)). Suppose n*g + 3*o + 0*o + 1 = 0, 0 = g + 4*o - 2. Calculate the remainder when 22 is divided by 13 + -3 + g/(-1).
10
Let o = 28 - 18. Calculate the remainder when o is divided by 3.
1
Suppose 8*j = 4*j + 8. Let q(b) = 43*b**2 - 2*b + j*b. Calculate the remainder when q(-1) is divided by 15.
13
Let m(z) = z**2 + 13*z + 29. What is the remainder when m(-13) is divided by 16?
13
Suppose -160 = 2*v - 7*v. Suppose 0 = 3*i - 0*i - 33. Calculate the remainder when v is divided by i.
10
Suppose -2*h - 10 = 0, -9*g - 5*h - 34 = -10*g. Suppose -2*q + 3*x - 11 + 4 = 0, 4*x = 4*q + 4. What is the remainder when g is divided by q?
1
Let s be (-3)/(-2)*710/15. Suppose 4*b - s - 146 = -5*u, u = -b + 43. Calculate the remainder when u is divided by 16.
13
Suppose -p - 24 = -4*p. Calculate the remainder when 21 is divided by p.
5
Suppose 0 = -4*h - 0*h + 16. Suppose 5*s = -x + 1 + 9, 2*s = h*x + 26. Calculate the remainder when 4 is divided by s.
1
Let d(b) = -2*b. Let x be d(-8). Suppose 3*r - 33 = z - 10, -r + x = -2*z. What is the remainder when r is divided by -1 + 7 - 0 - 2?
2
Let x = 5 + 13. Suppose -o + 0*o + x = 0. What is the remainder when 69 is divided by o?
15
Let q(n) be the first derivative of n**2/2 + 32*n - 5. What is the remainder when q(0) is divided by 17?
15
Let h(k) = k**3 + 2*k**2 - 30*k - 7. What is the remainder when h(-6) is divided by 8?
5
Let q(h) = 3*h - 14. What is the remainder when 29 is divided by q(8)?
9
Let u be 3 - 0/1 - -1. Suppose -4*v + 0*x = -x - 83, -2*x - 78 = -u*v. Let d(a) = 8*a - 24. Calculate the remainder when v is divided by d(4).
6
Suppose c + 78 = -3*a, -5*c + a - 442 = 3*a. What is the remainder when 29 is divided by c/(-6) + 0/(-1)?
14
Suppose -9*y + 20 = -4*y. Suppose -2*t = 2*p - 70, -y*p - 64 = -2*t - 12. What is the remainder when t is divided by 17?
15
Let f = -28 - -81. What is the remainder when f is divided by 14?
11
Suppose 30 = 5*d - 35. Let y(j) = 5*j + 2 - 10*j - 6*j. Calculate the remainder when y(-2) is divided by d.
11
Suppose 55 = 2*f + 3*f. Let m = f + -8. Calculate the remainder when 8 is divided by m.
2
Let q be ((-24)/30)/(1/(-5)). Suppose q*h - 256 = -4*g, 5*g = g + 5*h + 238. What is the remainder when g is divided by 16?
14
Calculate the remainder when (2/6)/((-3)/(-729)) is divided by 21.
18
Let m(s) = s + 4. Suppose -2*i + 2*k = -5*i + 44, -i + 4 = -2*k. Suppose -3*u + 78 = i. What is the remainder when u is divided by m(4)?
6
Suppose -n - 65 = -4*z, 2*n + z + z + 110 = 0. Let s be (1 - 0)/(-3)*n. Suppose -s = -a - 1. Calculate the remainder when a is divided by 7.
4
Let y be 3/3 - (-6)/1. Calculate the remainder when 51 is divided by y + 0 + 3 + 3.
12
Let g = -26 - -46. Calculate the remainder when 76 is divided by g.
16
Suppose -3*q = 5 - 8. Let t(p) = 14*p**2 + p + 1. Calculate the remainder when 31 is divided by t(q).
15
Suppose -2*w = -3 + 1. Calculate the remainder when 73 is divided by (-57)/(-6)*(w - -1).
16
Suppose t - 23 = 2*r, -4*r - r + 2 = t. Let v = t - 9. Suppose f - 4 = 11. Calculate the remainder when f is divided by v.
7
Let k(u) = -1 - u + 4*u**2 - u - 17*u**2. Let l be k(-1). Let w = -2 - l. Calculate the remainder when 28 is divided by w.
8
Let v = -9 - -49. Calculate the remainder when v is divided by 6.
4
Suppose -2*s + 3*s = 0. Suppose -2*n = -4 - s. Let m = 19 - n. Calculate the remainder when 32 is divided by m.
15
Let g(a) = -a**3 - 5*a**2 - 7*a - 6. Suppose -4 = -p + 4. What is the remainder when g(-5) is divided by p?
5
Suppose -u = 5*l + 11, -4*u + 0*u - 2*l = -46. Suppose -4*b + 14 = -u. Let s(p) = 4*p**2 - 2*p. What is the remainder when s(2) is divided by b?
5
Let d = -66 + 82. Calculate the remainder when 29 is divided by d.
13
Suppose -4*p = 4 - 24. Let f(j) = p*j - j + 9*j**2 - 2*j. What is the remainder when f(-2) is divided by 11?
10
Let u(d) = -d**3 - d**2 + d. Let p be 15/(-6) - 2/4. Calculate the remainder when 42 is divided by u(p).
12
Calculate the remainder when 14 is divided by 4/6 - 50/(-15).
2
Let q = 81 - 48. Calculate the remainder when 96 is divided by q.
30
Let j = 8 + -5. What is the remainder when (-98)/(-1 - (j + -2)) is divided by 13?
10
Let c be 111/21 - (-4)/(-14). Suppose -5*s + 7*s - 2*h - 24 = 0, 0 = c*s - 4*h - 63. Calculate the remainder when s is divided by 6.
3
Suppose 0 = 3*q - 2*l - 60, -32 = -2*q - 2*l + 6*l. Let p(o) = -o**2 - 7*o + 2. Let k = -1 - 4. Calculate the remainder when q is divided by p(k).
10
Suppose 5*u + y - 100 = 0, 0 = -2*u + u + 2*y + 20. Calculate the remainder when u is divided by 9.
2
Let g(c) = -c**2 - 11*c - 5. What is the remainder when 17 is divided by g(-10)?
2
Let z be (1/(-2))/((-6)/252). Let g = -10 + z. What is the remainder when 20 is divided by g?
9
Suppose 5*m - 47 - 13 = 0. Calculate the remainder when 45 is divided by m.
9
Suppose 2*h + 24 = 2*u, -u + 8 = 3*h - 2*h. What is the remainder when 36 is divided by (5/u)/((-1)/(-38))?
17
Suppose -5*l + 258 = 83. Calculate the remainder when l is divided by 9.
8
Suppose -3*f + 5*g + 35 = 0, -2*g + 36 = 3*f - 13. Calculate the remainder when 42 is divided by f.
12
Let p(a) = 2*a - 2. Let k = 16 + -15. What is the remainder when p(2) is divided by k?
0
Suppose -6*i = 74 - 278. What is the remainder when i is divided by 9?
7
Let q(d) = -10*d**3 - 2*d**2 - 2*d - 4. Calculate the remainder when q(-2) is divided by 19.
15
What is the remainder when (531/(-36))/(5/4)*-5 is divided by 8?
3
Let t(k) = 2*k**3 - 7*k**2 + k - 2. What is the remainder when t(5) is divided by 21?
15
Suppose -2*u = 2, 2 = -j + 3*u + 5. Suppose 15 = 3*h, -3*l + j*h + 86 = h. Calculate the remainder when 80 is divided by l.
26
Suppose -6*l = -87 - 99. Calculate the remainder when 123 is divided by l.
30
Suppose -y - 5*a = -21, -y - 3*y + 2*a - 4 = 0. What is the remainder when 2 is divided by y?
0
Let v = -33 - -83. Calculate the remainder when v is divided by 17.
16
Let c(n) = -n**3 + 9*n**2 - 6*n - 8. Let p be c(8). What is the remainder when (-822)/(-24) + (-2)/p is divided by 12?
10
Let w = -30 - -48. Suppose -7*x - 131 + 180 = 0. Calculate the remainder when w is divided by x.
4
Let o = 195 + -109. Calculate the remainder when o is divided by 22.
20
Calculate the remainder when 238/8 - (-1)/4 is divided by 11.
8
Suppose 2*h - 3 = 7. Let t be (5 + -6)/((-2)/4). Suppose t + 63 = h*m. Calculate the remainder when 38 is divided by m.
12
Suppose -4*d - 4 = -6*d. Suppose d*s = 16 + 22. Calculate the remainder when s is divided by 3.
1
Suppose i + 6*k - 11 = k, k = 5*i - 55. Suppose 25 = 3*n - i. What is the remainder when 34 is divided by n?
10
Let d(u) = u - 2. Let b be d(6). Suppose b*v - 528 = -0*v. Let x = -94 + v. What is the remainder when x is divided by 20?
18
Let v be (-8)/10*(-25)/10. Let k(r) = 6*r - 3. Calculate the remainder when 34 is divided by k(v).
7
Suppose -2*s + 3*s - 29 = i, 2*s - 60 = 4*i. Suppose 7 = 5*k - s. Calculate the remainder when 19 is divided by k.
5
Calculate the remainder when (-104 - 1)*(-2)/(-1 + 7) is divided by 13.
9
Let x(t) = -5*t + 6. Let g be x(6). Let d = -2 - g. Suppose 4*o = -3*s + 20, -5*s - 4*o + 39 = -3*o. Calculate the remainder when d is divided by s.
6
Suppose -x = v - 5*x + 11, 4*v - x = -29. Let m(t) = t**2 + 7*t - 8. Let z be m(v). Let u = -6 - z. What is the remainder when 5 is divided by u?
1
Let p(q) = -q**3 + 6*q**2 + 8*q + 6. Let c = -44 - -82. Calculate the remainder when c is divided by p(7).
12
Suppose r - 19 + 3 = 0. Suppose -c = -28 - r. Calculate the remainder when c is divided by 23.
21
Suppose 3*n + 9 = 6*n. Suppose 3*l - 24 = n. What is the remainder when 35 is divided by l?
8
Let g(u) = -u**3 + 10*u**2 + 2*u - 9. Let w be g(10). What is the remainder when 17 is divided by (w - 3) + -2 + 1?
3
What is the remainder when 34 is divided by ((-4)/(3 + 1) + 8)*1?
6
Suppose -w + 2*b + 6 = -2*w, 0 = -4*b + 12. Calculate the remainder when 5 is divided by w/(-8)*8/3.
1
Let d(k) = -3*k - 2. Let i be (4 + 0)/(4/38). Suppose 0*y = 2*y + 4*t - i, -10 = -2*t. What is the remainder when d(-6) is divided by y?
7
Let r(g) = 6*g**2 + g + 2. Suppose 23 - 13 = m. What is the remainder when r(2) is divided by m?
8
Let l be 18/(-6)*(-109)/3. Let m = l - 71. Calculate the remainder when m is div